ppose -5*q + 283 = 2*n, -j*q - 4*n = -122 - 159. Let o = q + -32. What is the tens digit of o?
2
Let j(t) = 38*t - 7. Let h be j(4). Let r = 9 + h. What is the tens digit of r?
5
Let x(d) = -d. Suppose -4*t + 5 = -3. Let q(s) = 5*s + 1. Let y(i) = t*x(i) + 2*q(i). What is the tens digit of y(3)?
2
Let t(i) = -i + 75. Suppose 4*a + 16 = 0, -3*a + 4*a = 3*h - 73. What is the tens digit of t(h)?
5
Suppose -2*d = 2*h - 32, -2*h - 16 = -3*h - 2*d. Let p be (-6 + 2)/(-4) - (12 - -2). Let w = h + p. What is the units digit of w?
3
Let g = 180 + 52. Let n = g + -102. What is the tens digit of n?
3
Let p(g) = 5*g - 6. Let s be p(6). Let o = s + 0. What is the units digit of o?
4
Let m(z) be the second derivative of -z**3/3 - 9*z**2/2 - 13*z. Let y be m(-6). Suppose 5*c - y*c - u = 76, 5*c - 4*u - 190 = 0. What is the units digit of c?
8
Suppose 0 = -2*v + 8 - 2. Suppose -v*d = -9 + 3. Suppose -5*g = -d*g - 84. What is the tens digit of g?
2
Suppose 1157 = -5*r - 3*n + 80, n = 3*r + 649. Let u = 395 + r. What is the units digit of u?
9
Let d(o) = -o**3 - 8*o**2 + 28*o - 66. What is the hundreds digit of d(-14)?
7
Suppose -10 = -k + 6*k, -5*k - 2 = d. Let b(h) = -2 - 3*h**2 + 5*h**2 - h**3 - 5*h + 7*h**2. What is the units digit of b(d)?
2
Let z be -1*(-3 - -1)*7. Suppose -7*o = -z*o + 735. Suppose -5*a = 15 - o. What is the tens digit of a?
1
Suppose 4*p + 5*q = 24823, -2624 - 3587 = -p + 4*q. What is the thousands digit of p?
6
What is the thousands digit of ((-328)/(-32))/(298/296 + -1)?
1
Let p(x) = -4*x + 8. Let f(h) = h. Let o(b) = 2*f(b) - p(b). Let t be o(9). Suppose 0 = y + y - 2*v - t, -2*y - 2*v = -54. What is the tens digit of y?
2
Let z(h) = h + 13. Let q be z(-9). Suppose 2 = q*c + 30. Let g = c + 11. What is the units digit of g?
4
Let a(o) = 5*o + 25. Let p be 14/4*(-24)/(-14). What is the tens digit of a(p)?
5
Suppose -5*u = -2*a + 3*a - 57, 3*a = -u + 17. Suppose -4*q + 3*q = o, 12 = 3*o - q. What is the units digit of u - (-1 + o + -2)?
1
What is the tens digit of (0/(-2))/12 + 1*913?
1
Let i(z) = 14*z + 15. Let f(o) = 15*o + 14. Let m(v) = 2*f(v) - 3*i(v). Let r be m(-12). Let y = r - 85. What is the tens digit of y?
4
Suppose 5*t + 0*y - 35 = -3*y, -13 = -2*t - y. Suppose 0 = -2*m + 4*m - a - 318, -t*a - 16 = 0. What is the hundreds digit of m?
1
Let m = -7 + 9. Let b be (-12)/(-4) + (38 - m). Let v = b - 11. What is the units digit of v?
8
Suppose -i - i - r - 6 = 0, -4 = -r. What is the units digit of 198 - (3 + i)/(5 - 3)?
9
Let s = 326 + -458. Let b = -54 - s. What is the tens digit of b?
7
Let z = -591 + 4151. What is the thousands digit of z?
3
Suppose -10*f = c - 9*f - 832, -2*c + 3*f + 1679 = 0. What is the hundreds digit of c?
8
Let o = -103 + 477. What is the hundreds digit of o?
3
Let v(b) = -8*b + 27. Let d(g) = 4*g - 13. Let a(s) = -13*d(s) - 6*v(s). Let w = 94 - 99. What is the units digit of a(w)?
7
Let j(o) = -5*o**2 + 13*o + 13. Let w(l) = 4*l**2 - 12*l - 13. Let g(x) = 5*j(x) + 6*w(x). Let h be g(-10). Let y = h - -83. What is the tens digit of y?
4
Let n(v) = -7*v + 3. Let d be n(1). What is the tens digit of ((-61)/(-4))/((-1)/d)?
6
Let a(g) = -19*g**2 + 37*g - 27. Let i(z) = 13*z**2 - 25*z + 18. Let p(u) = -5*a(u) - 7*i(u). What is the tens digit of p(8)?
8
What is the units digit of (-4378)/(-10) - (-36)/180?
8
Suppose -3*o - v + 1467 = -0*o, -2*o - 4*v + 978 = 0. What is the hundreds digit of o?
4
What is the tens digit of (5 - 3)/((-4)/(-15*100))?
5
Let n = -151 + 246. Let o be n/(-2)*(-26)/13. Suppose 5*p = 5*k + 225, 2*p - k + 4*k - o = 0. What is the tens digit of p?
4
Suppose -9*t + 1904 = 320. What is the tens digit of t?
7
Suppose 3*h - 1947 = -2*z, 4*h = -23 + 3. What is the hundreds digit of z?
9
Suppose -8126 = 11*f - 1790. Let n = 854 + f. What is the hundreds digit of n?
2
Suppose 0*h = -5*h. Suppose -133 + 49 = -3*g + 5*p, h = 4*g - 5*p - 112. What is the tens digit of (-480)/(-35) + 8/g?
1
Let i(u) = u**3 + 5*u**2 - 12*u. Suppose -56 = -5*t + 2*t - 5*b, -5*t + 145 = -2*b. Suppose -5*k - 52 = -t. What is the units digit of i(k)?
0
What is the thousands digit of 6*4/12 + -7 - -1764?
1
Suppose 4*n - 1996 - 5734 = -2*a, -3*n - 5*a + 5801 = 0. What is the tens digit of n?
3
Suppose -k + 13 = 2*l, l + k - 10 = -1. Suppose 3*j + 69 = 2*u - 0, -99 = l*j - 5*u. What is the units digit of (76/(-6))/(14/j)?
9
Suppose -2*p + 5543 = 3*u - 1122, -u - 16705 = -5*p. What is the thousands digit of p?
3
Let y(v) = 4*v + 2. Let f be y(2). What is the units digit of f/35 - (-61)/7?
9
Suppose -79 = 2*b - 635. Suppose b = 2*w - 50. What is the tens digit of w?
6
What is the units digit of 51077/143 + (-2)/11?
7
Let u(z) = 79 - 50 + 23*z - 42. What is the units digit of u(3)?
6
Suppose 5*k - 4*k - 38 = 0. Suppose -11*t + 15*t = -16. What is the tens digit of 12/8*(t + k)?
5
Suppose -3*s + 5*m - 151 = 0, -67 = -4*s + 5*s - 5*m. Let i = s - -49. What is the units digit of i?
7
Let k be 3 - (-4 + 0/5). Suppose -b - 3*t - k = 0, 3*b + 0*b - 29 = t. What is the units digit of b?
8
Let d(w) = -378*w - 13. Let k(i) = -126*i - 5. Let n(c) = 3*d(c) - 8*k(c). What is the tens digit of n(-1)?
2
Let v be ((-6)/(-9))/((-3)/(-477)). Let t = v - -76. What is the tens digit of t?
8
Let x(m) = 5*m - 9. Let r(s) = s + 1. Let b(l) = 4*r(l) + x(l). What is the units digit of b(10)?
5
Let u(a) = -a**3 + 6*a**2 - 2*a - 4. Let m be u(5). Let t = 121 + -108. Let n = t - m. What is the units digit of n?
2
Let g = 497 - 153. What is the tens digit of g?
4
Let q(o) = -o**3 + o**2 + 4*o + 1. Let w be q(2). Suppose 3*h = -w*r + 1288, 3*r - 5*r + 536 = -4*h. What is the hundreds digit of r?
2
Let q(t) = t**3 - 3*t**2 - 5. Let a(n) = n**3 - 3*n**2 + n - 5. Let g(u) = -6*a(u) + 5*q(u). Let m be g(4). Let l = m - -81. What is the units digit of l?
6
Let c be 36/63 - (-78)/(-14). Let q be 60/c*(2 - 11). Suppose t = 2*t + 3*l - 29, 0 = 3*t + 2*l - q. What is the tens digit of t?
3
Suppose 4*v - 4*t - 295 - 333 = 0, -v + 153 = t. Let q = -50 + v. What is the units digit of q?
5
Let w(g) = g**2 - 26*g + 3. Let t be w(-3). Suppose 5*n - 4*a - 43 = 0, -3*n = n - 5*a - 38. Suppose 12*k - t = n*k. What is the units digit of k?
8
Let u = 123 + -120. Suppose 3*q - h - 107 = -0*h, 5*q - 185 = u*h. What is the tens digit of q?
3
What is the units digit of (7 + -6)*3 - -2211?
4
Let i(y) = 3*y**3 - y**2 + y. Let h be i(1). Let a = 68 + h. What is the tens digit of a?
7
Let y be (-15)/(-6)*42/5. Suppose 2*l - 17 = y. Suppose 0 = -5*x - l + 124. What is the units digit of x?
1
Suppose -8*w = -w + 105. Let s = w - -20. What is the units digit of s?
5
Let w = -44 + -8. Let v = w - -67. What is the tens digit of v?
1
Suppose 16*l - 3259 = 4629. What is the units digit of l?
3
Suppose -5*p = 0, 3*d = -p - 0*p + 1626. What is the tens digit of d?
4
Suppose -2*v - 3*z + 10 = 0, -4*v - 4*z - z + 18 = 0. Suppose 2*r = -2 - 0, -3*f + v*r + 176 = 0. What is the units digit of f?
8
Let n = 615 + 335. What is the tens digit of n?
5
Suppose 5*o + 5*z - 45 = 0, 5*z = -2*o + 3*o - 21. Let j(y) = y**2 - y - 42. What is the units digit of j(o)?
8
What is the thousands digit of ((-1547)/(-3))/(4/(8 - -16))?
3
Suppose -5*g - b = -1464, 0 = 3*g - 3*b + 5*b - 877. Suppose -2*j + 9 + g = 0. Let f = -88 + j. What is the units digit of f?
3
Let c(p) = -p**2 - 24*p + 12. Let s be c(-9). Suppose 5*j - s = 48. What is the units digit of j?
9
Suppose 3*g = 3*y - 3, y = 4*g - 2*y. Let b(v) = 2*v - 4*v - 3*v**3 + 3*v**2 - 2 + 3*v**g + v**3. What is the units digit of b(-2)?
6
Let z = 195 + 40. What is the units digit of z/2 + (45/10)/9?
8
Let u(l) = l**2 - 6*l + 34. Let i = -43 - -61. What is the hundreds digit of u(i)?
2
What is the units digit of 199/(126/(-120)*-4 - 4)?
5
Let y = -2310 - -3433. What is the hundreds digit of y?
1
Suppose 5*z = -5*z + 460. Let v = 84 - z. What is the units digit of v?
8
Let q(b) = -102*b - 10. What is the tens digit of q(-1)?
9
Let s = 33 - 34. What is the hundreds digit of s + 3 + 109 - (-1 - -3)?
1
Suppose 4*m = m - 42. Let v = 34 + -24. Let b = v - m. What is the units digit of b?
4
Suppose 53 = -5*c - d, -5*d + d + 63 = -5*c. Let y = c + 9. Let z(a) = 3*a**2 + 4*a + 5. What is the units digit of z(y)?
9
Let m = -17 - -903. What is the hundreds digit of m